{"id":1383,"date":"2018-02-28T10:41:06","date_gmt":"2018-02-28T16:41:06","guid":{"rendered":"http:\/\/maytemunoz.net\/?page_id=1383"},"modified":"2021-01-11T11:38:10","modified_gmt":"2021-01-11T17:38:10","slug":"docencia","status":"publish","type":"page","link":"https:\/\/maytemunoz.net\/?page_id=1383","title":{"rendered":"Cursos y Seminarios"},"content":{"rendered":"<div class=\"posttitle\">\n<h2><a href=\"https:\/\/lenguajeyconocimiento.wordpress.com\/\" rel=\"bookmark\">Sobre el espacio virtual<\/a><\/h2>\n<\/div>\n<div class=\"entry\">\n<p style=\"text-align: justify;\">Este espacio virtual est\u00e1 elaborado para servir de apoyo a los cursos de Teor\u00eda del conocimiento, Filosof\u00eda pol\u00edtica y Filosof\u00eda del Lenguaje de la Dra. Mar\u00eda Teresa Mu\u00f1oz S\u00e1nchez. Aqu\u00ed se pueden encontrar tanto los temarios de los cursos, los textos que se trabajan y materiales complementarios que servir\u00e1n de apoyo para una mayor comprensi\u00f3n de las lecturas, los conceptos y las teor\u00edas.<\/p>\n<p style=\"text-align: justify;\">Se divide en categor\u00edas que se relacionan con cada uno de los cursos: <strong>Teor\u00eda del conocimiento I, Teor\u00eda del conocimiento II, Filosof\u00eda pol\u00edtica y Filosof\u00eda del lenguaje.<\/strong> El blog tambi\u00e9n cuenta con la categor\u00eda de Avisos e invitaciones en la cual se publican anuncios de eventos acad\u00e9micos que pueden ser de inter\u00e9s para los alumnos de los cursos; adem\u00e1s existe la categor\u00eda <strong>Apoyos metodol\u00f3gicos y otros<\/strong> en el cual se encuentran materiales que pueden servir de ayuda para la realizaci\u00f3n de sus trabajos. La secci\u00f3n de categor\u00edas se encuentra en la barra que aparece del lado derecho; es suficiente con darle clic sobre alguna de las categor\u00edas para acceder a los documentos correspondientes de cada curso.<\/p>\n<p style=\"text-align: justify;\">Para descargar los archivos que contienen los textos es suficiente con dar clic encima del link que contiene el archivo. En algunos casos, el link est\u00e1 puesto en el t\u00edtulo del libro o art\u00edculo y en otras ocasiones se encuentra se\u00f1alado en la publicaci\u00f3n por medio de una vi\u00f1eta. Tambi\u00e9n puede darse el caso de que el archivo no se encuentre para descarga directa, sino que el link sea de una p\u00e1gina desde donde se puede consultar.<\/p>\n<p style=\"text-align: justify;\">Lenguaje y Conocimiento<\/p>\n<p style=\"text-align: justify;\">Para mantener contacto y resolver cualquier duda se pueden comunicar a trav\u00e9s del correo <span style=\"color: #0000ff;\">maytems@yahoo.com<\/span> o <span style=\"color: #0000ff;\">cursoteoriadelconocimiento@gmail.com<\/span><\/p>\n<\/div>\n","protected":false},"excerpt":{"rendered":"<p>Sobre el espacio virtual Este espacio virtual est\u00e1 elaborado para servir de apoyo a los cursos de Teor\u00eda del conocimiento, Filosof\u00eda pol\u00edtica y Filosof\u00eda del Lenguaje de la Dra. Mar\u00eda Teresa Mu\u00f1oz S\u00e1nchez. Aqu\u00ed se pueden encontrar tanto los temarios de los cursos, los textos que se trabajan y materiales complementarios que servir\u00e1n de apoyo &hellip; <\/p>\n<p class=\"link-more\"><a href=\"https:\/\/maytemunoz.net\/?page_id=1383\" class=\"more-link\">Continuar leyendo<span class=\"screen-reader-text\"> \u00abCursos y Seminarios\u00bb<\/span><\/a><\/p>\n","protected":false},"author":2,"featured_media":0,"parent":0,"menu_order":0,"comment_status":"closed","ping_status":"closed","template":"","meta":[],"_links":{"self":[{"href":"https:\/\/maytemunoz.net\/index.php?rest_route=\/wp\/v2\/pages\/1383"}],"collection":[{"href":"https:\/\/maytemunoz.net\/index.php?rest_route=\/wp\/v2\/pages"}],"about":[{"href":"https:\/\/maytemunoz.net\/index.php?rest_route=\/wp\/v2\/types\/page"}],"author":[{"embeddable":true,"href":"https:\/\/maytemunoz.net\/index.php?rest_route=\/wp\/v2\/users\/2"}],"replies":[{"embeddable":true,"href":"https:\/\/maytemunoz.net\/index.php?rest_route=%2Fwp%2Fv2%2Fcomments&post=1383"}],"version-history":[{"count":12,"href":"https:\/\/maytemunoz.net\/index.php?rest_route=\/wp\/v2\/pages\/1383\/revisions"}],"predecessor-version":[{"id":3103,"href":"https:\/\/maytemunoz.net\/index.php?rest_route=\/wp\/v2\/pages\/1383\/revisions\/3103"}],"wp:attachment":[{"href":"https:\/\/maytemunoz.net\/index.php?rest_route=%2Fwp%2Fv2%2Fmedia&parent=1383"}],"curies":[{"name":"wp","href":"https:\/\/api.w.org\/{rel}","templated":true}]}}

<div class="posttitle">
<h2><a href="https://lenguajeyconocimiento.wordpress.com/" rel="bookmark">Sobre el espacio virtual</a></h2>
</div>
<div class="entry">
<p style="text-align: justify;">Este espacio virtual está elaborado para servir de apoyo a los cursos de Teoría del conocimiento, Filosofía política y Filosofía del Lenguaje de la Dra. María Teresa Muñoz Sánchez. Aquí se pueden encontrar tanto los temarios de los cursos, los textos que se trabajan y materiales complementarios que servirán de apoyo para una mayor comprensión de las lecturas, los conceptos y las teorías.</p>
<p style="text-align: justify;">Se divide en categorías que se relacionan con cada uno de los cursos: <strong>Teoría del conocimiento I, Teoría del conocimiento II, Filosofía política y Filosofía del lenguaje.</strong> El blog también cuenta con la categoría de Avisos e invitaciones en la cual se publican anuncios de eventos académicos que pueden ser de interés para los alumnos de los cursos; además existe la categoría <strong>Apoyos metodológicos y otros</strong> en el cual se encuentran materiales que pueden servir de ayuda para la realización de sus trabajos. La sección de categorías se encuentra en la barra que aparece del lado derecho; es suficiente con darle clic sobre alguna de las categorías para acceder a los documentos correspondientes de cada curso.</p>
<p style="text-align: justify;">Para descargar los archivos que contienen los textos es suficiente con dar clic encima del link que contiene el archivo. En algunos casos, el link está puesto en el título del libro o artículo y en otras ocasiones se encuentra señalado en la publicación por medio de una viñeta. También puede darse el caso de que el archivo no se encuentre para descarga directa, sino que el link sea de una página desde donde se puede consultar.</p>
<p style="text-align: justify;">Lenguaje y Conocimiento</p>
<p style="text-align: justify;">Para mantener contacto y resolver cualquier duda se pueden comunicar a través del correo <span style="color: #0000ff;">maytems@yahoo.com</span> o <span style="color: #0000ff;">cursoteoriadelconocimiento@gmail.com</span></p>
</div>

<p>Sobre el espacio virtual Este espacio virtual está elaborado para servir de apoyo a los cursos de Teoría del conocimiento, Filosofía política y Filosofía del Lenguaje de la Dra. María Teresa Muñoz Sánchez. Aquí se pueden encontrar tanto los temarios de los cursos, los textos que se trabajan y materiales complementarios que servirán de apoyo &hellip; </p>
<p class="link-more"><a href="https://maytemunoz.net/?page_id=1383" class="more-link">Continuar leyendo<span class="screen-reader-text"> «Cursos y Seminarios»</span></a></p>
