{"id":1799,"date":"2018-09-19T22:37:13","date_gmt":"2018-09-20T04:37:13","guid":{"rendered":"http:\/\/maytemunoz.net\/?page_id=1799"},"modified":"2026-01-27T13:36:53","modified_gmt":"2026-01-27T19:36:53","slug":"capitulos","status":"publish","type":"page","link":"https:\/\/maytemunoz.net\/?page_id=1799","title":{"rendered":"Cap\u00edtulos"},"content":{"rendered":"<ol>\n<li>\u201cPensar y juzgar en tiempos de la banalidad del mal. Imaginaci\u00f3n, responsabilidad pol\u00edtica y derecho a tener derechos\u201d, en Reyner Franco (ed.), Los l\u00edmites del presente, Ediciones Universidad de Salamanca (EUSAL) Colecci\u00f3n\/Serie: Filosof\u00eda SCLF, 2026 (en prensa)<\/li>\n<li><i>\u201c<\/i>Democracia<i>\u201d<\/i> entrada en Dora Elvira Garc\u00eda Gonz\u00e1lez (ed), <i>Diccionario de Paz<\/i>, (por publicarse, 2026)<\/li>\n<li><i> \u201c<\/i>Feminismos<i>\u201d<\/i>, entrada en entrada en Carlos Pereda (ed), <i>Diccionario de la Esperanza<\/i>, (en prensa)<\/li>\n<li><i><\/i>\u00a0\u201cLibertad pol\u00edtica, imaginaci\u00f3n y afectos. El principio de lo com\u00fan en la instituci\u00f3n de la comunidad pol\u00edtica\u201d, en Julieta Marcone et alt., <i>Los desaf\u00edos contempor\u00e1neos de la libertad, <\/i>Universidad Nacional de Venezuela\/UACM, 2025 (aceptado para publicaci\u00f3n).<\/li>\n<li>\u201cLas asambleas: juzgar juntas desde los afectos\u201d en Silvia l. Gil (comp.) Cuadernos de filosof\u00eda feminista contempor\u00e1nea (para subvertir el presente), Ciudad de M\u00e9xico, Universidad Iberoamericana\/AKAL, 2026 (en prensa)<\/li>\n<li>\u00a0\u201cLa articulaci\u00f3n emotivo-conceptual de lo com\u00fan. El poder de juzgar apasionadamente\u201d en en Mu\u00f1oz, Mar\u00eda Teresa (Editora), Hechuras feministas de lo com\u00fan, AKAL, 2026 (en prensa)<\/li>\n<li><span lang=\"ES-TRAD\">\u00a0<\/span>\u201cLa emergencia de lo com\u00fan y los nuevos feminismos. Una revoluci\u00f3n en marcha\u201d\u00a0<a name=\"m_-7567688694906858336__Hlk219801935\"><\/a>en Mu\u00f1oz, Mar\u00eda Teresa (Editora)\u00a0<a name=\"m_-7567688694906858336__Hlk118475892\"><\/a><i><span lang=\"ES-TRAD\">La emergencia de lo com\u00fan. Nuevos feminismos y posmarxismos<\/span><\/i><span lang=\"ES-TRAD\">,\u00a0<\/span><span lang=\"ES-TRAD\">M\u00e9xico, FCE\/FFyL-UNAM, 2025.<\/span><span lang=\"ES-TRAD\">\u00a0ISBN: 978-607-16-8792-0\u00a0<\/span><\/li>\n<li>\u00a0Introducci\u00f3n. \u201cFeminismos y posmarxismos. Una confluencia imprescindible\u201d en Mu\u00f1oz, Mar\u00eda Teresa (Editora) <i>La emergencia de lo com\u00fan. Nuevos feminismos y posmarxismos<\/i>, M\u00e9xico, FCE\/FFyL-UNAM, 2024. (en prensa)<\/li>\n<li>\u201cEl cosmopolitismo y la humanidad como comunidad de asentimiento. Acerca del mundo en com\u00fan y el pensamiento de amor mundi\u201d en Fern\u00e1ndez \u00c1lvarez M.I.; Jaramillo, P. y Rangel Loera, N. (eds.) Reinvenciones de lo com\u00fan: Experimentos y composiciones desde el Sur, Bogot\u00e1, CLACSO\/Universidad de los Andes, 2025: https:\/\/libreriacentros.clacso.org\/publicacion.php?p=3073&amp;cm=0<\/li>\n<li><i>Banalidad del mal<\/i>, entrada en Carlos Pereda (ed), <i>Diccionario de Injusticia<\/i>, M\u00e9xico, Siglo XXI\/UNAM, 2022, ISBN Siglo XXI: 9978-607-03-1315-8; ISBN UNAM: 978-607-30-6842-0, pp. 101-107.<\/li>\n<li>\u00a0\u201cEl juicio y las pasiones en pol\u00edtica. Una teor\u00eda cr\u00edtica del juicio\u201d, en <i>El desv\u00e1n de la raz\u00f3n, cultivo de las pasiones, identidades \u00e9ticas y sociedades digitales<\/i>, Concha Rold\u00e1n, Mar\u00eda G. Navarro y Xandra Garz\u00f3n Costumero (eds.), Plaza y Vald\u00e9s editores, Madrid, 2024, pp- 55-70. ISBN 978-84-17121-54-9<\/li>\n<li>\u00a0\u201cEl fin de la violencia. Reflexiones arendtianas sobre el intervencionismo militar\u201d en \u00c1lvaro Arag\u00f3n, \u00c1ngel Serme\u00f1o y Sergio Ortiz y (comps.) <i>Democracia e integraci\u00f3n social. Diagn\u00f3sticos, dimensiones y desaf\u00edos, <\/i>Instituto de Investigaciones Filos\u00f3ficas\/UNAM\/Editorial Gedisa, 2021, pp. 221-244. ISBN: 978-84-18525-02-5<\/li>\n<li>\u201cCiudadan\u00eda, Estado-naci\u00f3n y derechos humanos. Una revisi\u00f3n cr\u00edtica desde el pensamiento arendtiano\u201d en Luis Gonz\u00e1lez Placencia (coordinador), <i>Los derechos humanos de los m\u00e1rgenes al centro. Discusiones sobre ciudadan\u00eda, pol\u00edtica y derechos<\/i> Vol. 2, <span class=\"s1\">Ubijus\/<\/span>Universidad de Tlaxcala, 2020, pp. 61-90 ISBN: 978-607-8615-28-5<\/li>\n<li>\u00a0\u201cCertezas, pr\u00e1cticas y contextos en <i>Sobre la Certeza<\/i>. Un rechazo al escepticismo desde el naturalismo pragm\u00e1tico-social\u201d, David P\u00e9rez Chico (Comp.), <i>Wittgenstein y el escepticismo,<\/i> Zaragoza, Prensas Universitarias de Zaragoza, 2018, pp. 93-126. ISBN 978-84-17633-39-4<\/li>\n<li><i>\u00a0Juicio pol\u00edtico<\/i>, entrada en Carlos Pereda (ed), J. Marcone, M.T. Mu\u00f1oz y S. Ortiz (coords.) <i>Diccionario de Justicia<\/i>, M\u00e9xico, Ed. Siglo XXI, 2017, pp. 269-273. ISBN: 978-607-03-0812-3<\/li>\n<li><i>\u00a0\u201cAmor mundi<\/i> y amistad c\u00edvica.<span class=\"Apple-converted-space\">\u00a0 <\/span>Reflexiones sobre la posibilidad del juicio pol\u00edtico\u201d, en Sergio Ortiz Leroux (comp.), <i>Las formas de la fraternidad,<\/i> M\u00e9xico, Ed. Coyoacan, 2016, pp. 141-156. ISBN: 978-607-935265-3<\/li>\n<li>\u00a0\u201cIntroducci\u00f3n. La tarea del pescador de perlas\u201d en Marco Estrada y Mar\u00eda Teresa Mu\u00f1oz (comp.), <i>Violencia y Revoluci\u00f3n en la filosof\u00eda de Hannah Arendt. Reflexiones cr\u00edticas<\/i>, M\u00e9xico, Colegio de M\u00e9xico (Colmex), 2015, pp. 11-28. ISBN: 978-607-462-841-8<\/li>\n<li><b>\u00a0\u00ab<\/b>Violencia y revoluci\u00f3n. Reflexiones en torno a lo pol\u00edtico\u00bb, en Marco Estrada y Mar\u00eda Teresa Mu\u00f1oz (comp.), <i>Violencia y Revoluci\u00f3n en la filosof\u00eda de Hannah Arendt. Reflexiones cr\u00edticas<\/i>, M\u00e9xico, Colegio de M\u00e9xico (Colmex), 2015, 305-340. ISBN: 978-607-462-841-8<\/li>\n<li>\u201cUna mirada arendtiana al concepto de violencia\u201d en Luis Eduardo Hoyos, (comp), <i>Violencia, democracia y normatividad,<\/i> Bogot\u00e1, Universidad Nacional de Colombia, 2014, pp. 181-206. ISBN: 978-958-761-863-1<\/li>\n<li>\u00a0\u201cV\u00e9rtigos, met\u00e1foras y fetiches: el talante de Carlos Pereda\u201d, En Miguel \u00c1ngel Fern\u00e1ndez y Guillermo Hurtado (comp.) <i>Normatividad y argumentaci\u00f3n. Carlos Pereda y sus cr\u00edticos,<\/i> M\u00e9xico, IIfcas\/UNAM, 2013. ISBN: 978-607-02-4787-3<\/li>\n<li>\u201cEl retorno de lo pol\u00edtico. Acerca de la oposici\u00f3n entre poder y violencia\u201d en Armando Casas y Leticia Flores (Comps.), <i>Relatos de violencia. Acercamientos desde la filosof\u00eda, la literatura y el cine,<\/i><b><i> <\/i><\/b>M\u00e9xico, \/FFyL\/CUEC\/UNAM, 2013. ISBN 978-607-02-4121-5<\/li>\n<li><b>\u201c<\/b>Rep\u00fablica y democracia en el pensamiento pol\u00edtico de Hannah Arendt\u201d en<b> <\/b><i>Pensamiento pol\u00edtico contempor\u00e1neo: corrientes fundamentales<\/i><b><i>,<\/i><\/b> Porr\u00faa, Univ. Central de Venezuela, Tecnol\u00f3gico de Monterrey, 2011. ISBN 978-607-09-0862-0<\/li>\n<li>\u00abLa narraci\u00f3n y el juicio, formas de constituci\u00f3n del espacio p\u00fablico\u00bb en Dora E. Garc\u00eda, (Comp.), <i>Hannah Arendt. El Sentido de la Pol\u00edtica<\/i>, M\u00e9xico: Porr\u00faa\/Tecnol\u00f3gico de Monterrey, 2007. ISBN 978-970-07-7506-7<\/li>\n<li>\u201c<i>El ser que puede ser comprendido es lenguaje\u201d<\/i> en Ma Antonia Gonz\u00e1lez y MariFlor Aguilar, (Comp.), <i>Gadamer y las Humanidades, <\/i>M\u00e9xico: UNAM, 2007.<\/li>\n<li><span class=\"Apple-converted-space\">\u00a0<\/span><b>\u201c<\/b>Hannah Arendt, en los intersticios de la filosof\u00eda y la pol\u00edtica\u201d Jorge Mart\u00ednez Contreras y Aurora Ponce de Le\u00f3n (comps), <i>El saber Filos\u00f3fico<\/i>, vol. 1 M\u00e9xico: Siglo XXI, 2007, pp. 13-16.<\/li>\n<li>\u201cIntroducci\u00f3n: La Naturaleza de nuestra investigaci\u00f3n filos\u00f3fica\u201d en Jes\u00fas Ayaquica (coord.) <i>La historia de una conciencia, Perfil te\u00f3rico de la Escuela de Filosof\u00ed<\/i>a, Universidad Intercontinental, 2007, pp. 25-48. ISBN 10: 968-9265-01-06. <span class=\"Apple-converted-space\">\u00a0 <\/span>ISBN 13: 978-968-9265-01-06<\/li>\n<li>Jorge Vel\u00e1zquez y V\u00edctor Alarc\u00f3n (eds.), <i>Liberalismo y neoliberalismo. Temas para el debate.<\/i> Edit. Torres Asociados M\u00e9xico<i>, <\/i>2007.<span class=\"Apple-converted-space\">\u00a0 <\/span>ISBN 10: 970-9066-50-1 ISBN 13: 978-970-9066-50-0<\/li>\n<li>\u00a0\u201c\u00bfEs posible hablar de lo mismo? Una respuesta desde la confluencia del pensar gadameriano y wittgensteiniano\u201d en Acero, J.J. <i>et alt <\/i>(eds.) <i>El legado de Gadamer<\/i> Departamento de Filosof\u00eda de la Universidad de Granada, Espa\u00f1a, 2003. ISBN: 84-607-9707-4<\/li>\n<li>\u00a0\u201c<i>Repensando la met\u00e1fora del espacio p\u00fablico<\/i>\u201d en Dora Elvira Garc\u00eda Gonz\u00e1lez (comp.), <i>Filosof\u00eda y cr\u00edtica de la Cultura. Una reflexi\u00f3n desde la diversidad<\/i>, Universidad Aut\u00f3noma del Estado de M\u00e9xico, mayo, 2002. ISBN:968-835-767-7<\/li>\n<li><i>\u201cEl desaf\u00edo del multiculturalismo\u201d <\/i>en Dora Elvira Garc\u00eda, Ra\u00fal Alcal\u00e1 y Manuel Vel\u00e1squez (coord.), <i>Filosof\u00eda y Literatura: Coloquio<\/i>, M\u00e9xico, Universidad Aut\u00f3noma del Estado de M\u00e9xico, 2000. ISBN: 968-835-616-6<\/li>\n<li><i>\u201cReyes Heroles: el intelectual y el pol\u00edtico\u201d <\/i>en<i> <\/i>Carlos Mondrag\u00f3n y Alfredo Echegollen (coord.)<b> <\/b><i>Democracia, cultura y desarrollo, <\/i>UNAM\/Praxis, M\u00e9xico, 1998, pp. 307-319. ISBN 968-7646-83-7.<\/li>\n<\/ol>\n","protected":false},"excerpt":{"rendered":"<p>\u201cPensar y juzgar en tiempos de la banalidad del mal. Imaginaci\u00f3n, responsabilidad pol\u00edtica y derecho a tener derechos\u201d, en Reyner Franco (ed.), Los l\u00edmites del presente, Ediciones Universidad de Salamanca (EUSAL) Colecci\u00f3n\/Serie: Filosof\u00eda SCLF, 2026 (en prensa) \u201cDemocracia\u201d entrada en Dora Elvira Garc\u00eda Gonz\u00e1lez (ed), Diccionario de Paz, (por publicarse, 2026) \u201cFeminismos\u201d, entrada en entrada &hellip; <\/p>\n<p class=\"link-more\"><a href=\"https:\/\/maytemunoz.net\/?page_id=1799\" class=\"more-link\">Continuar leyendo<span class=\"screen-reader-text\"> \u00abCap\u00edtulos\u00bb<\/span><\/a><\/p>\n","protected":false},"author":5,"featured_media":0,"parent":0,"menu_order":0,"comment_status":"closed","ping_status":"closed","template":"","meta":[],"_links":{"self":[{"href":"https:\/\/maytemunoz.net\/index.php?rest_route=\/wp\/v2\/pages\/1799"}],"collection":[{"href":"https:\/\/maytemunoz.net\/index.php?rest_route=\/wp\/v2\/pages"}],"about":[{"href":"https:\/\/maytemunoz.net\/index.php?rest_route=\/wp\/v2\/types\/page"}],"author":[{"embeddable":true,"href":"https:\/\/maytemunoz.net\/index.php?rest_route=\/wp\/v2\/users\/5"}],"replies":[{"embeddable":true,"href":"https:\/\/maytemunoz.net\/index.php?rest_route=%2Fwp%2Fv2%2Fcomments&post=1799"}],"version-history":[{"count":25,"href":"https:\/\/maytemunoz.net\/index.php?rest_route=\/wp\/v2\/pages\/1799\/revisions"}],"predecessor-version":[{"id":4127,"href":"https:\/\/maytemunoz.net\/index.php?rest_route=\/wp\/v2\/pages\/1799\/revisions\/4127"}],"wp:attachment":[{"href":"https:\/\/maytemunoz.net\/index.php?rest_route=%2Fwp%2Fv2%2Fmedia&parent=1799"}],"curies":[{"name":"wp","href":"https:\/\/api.w.org\/{rel}","templated":true}]}}