{"id":3995,"date":"2025-08-01T13:56:04","date_gmt":"2025-08-01T19:56:04","guid":{"rendered":"https:\/\/maytemunoz.net\/?page_id=3995"},"modified":"2026-01-22T07:56:20","modified_gmt":"2026-01-22T13:56:20","slug":"ponencias","status":"publish","type":"page","link":"https:\/\/maytemunoz.net\/?page_id=3995","title":{"rendered":"Ponencias"},"content":{"rendered":"\n<ol>\n<li><strong>PONENCIA, \u201c<\/strong>Gram\u00e1ticas feministas de lo com\u00fan\u201d en el XXI Congreso Internacional de la Asociaci\u00f3n Filos\u00f3fica de M\u00e9xico, M\u00e9rida, 3 de Diciembre 2025.<\/li>\n\n\n\n<li><strong>CONVERSATORIO:\u00a0<\/strong>La actualidad del pensamiento de Hannah Arendt, evento virtual organizado por Instituto Goethe y el Centro de Investigaciones en L\u00f3gica y Epistemolog\u00eda contempor\u00e1nea de la Universidad Nacional del Colombia 27 de noviembre de 2025.<\/li>\n\n\n\n<li>\u00a0<strong>PONENCIA<\/strong>\u00a0\u201cFenomenolog\u00eda de los afectos negativos: vulnerabilidad, juicio y gram\u00e1ticas de lo com\u00fan.\u201d En Taller sobre los afectos negativos y su fenomenolog\u00eda, el 20 de octubre de 2025 en el Instituto de Investigaciones Filos\u00f3ficas UNAM.<\/li>\n\n\n\n<li><strong>PONENCIA<\/strong>: <em>\u201cPasiones pol\u00edticas y polarizaci\u00f3n social. Reflexiones desde una democracia de los afectos\u201d<\/em>, XVIII Simposio de la Asociaci\u00f3n Iberoamericana de Filosof\u00eda Pol\u00edtica (AIFP) \u201cEl desarrollo de las pol\u00edticas antidemocr\u00e1ticas en Iberoam\u00e9rica\u201d, 17 de octubre de 2024, Valpara\u00edso, Chile.<\/li>\n\n\n\n<li><strong>PONENCIA<\/strong>: <em>\u201cJuzgar emotivamente. \u00bfD\u00f3nde est\u00e1 el cuerpo mientras juzgamos?\u201d<\/em>, Coloquio \u00abDe cuerpo a cuerpos: perspectivas filos\u00f3ficas sobre la corporalidad\u00bb, Unidad de Posgrado, UNAM, 5 de marzo de 2024.<\/li>\n\n\n\n<li><strong>PONENCIA<\/strong>: <em>\u201cLa confianza en pol\u00edtica. Acerca de emociones y conceptos\u201d<\/em>, Seminario Confianza, 4 de marzo de 2024.<\/li>\n\n\n\n<li><strong>PONENCIA<\/strong>: <em>\u201cLas asambleas feministas. Juzgar juntas desde los afectos\u201d<\/em>, XXI Congreso Internacional de la Asociaci\u00f3n Filos\u00f3fica de M\u00e9xico, Guanajuato, 8 de noviembre de 2023.<\/li>\n\n\n\n<li><strong>PONENCIA<\/strong>: <em>\u201cEl juicio pol\u00edtico y la pol\u00edtica de las emociones. Un acercamiento entre Hannah Arendt y Sara Ahmed\u201d<\/em>, XIX Congreso de la Asociaci\u00f3n Internacional de Mujeres Fil\u00f3sofas, Facultad de Filosof\u00eda y Letras, UBA, 3 de agosto de 2023.<\/li>\n\n\n\n<li><strong>PRESENTACI\u00d3N DE LIBRO<\/strong>: <em>\u201cAcerca de Populismo y declive democr\u00e1tico\u201d<\/em>, Feria del Libro de Miner\u00eda, editorial Gedisa, 2 de marzo de 2023.<\/li>\n\n\n\n<li><strong>PONENCIA<\/strong>: <em>\u201cEl v\u00ednculo entre emociones y conceptos en la capacidad de juzgar: un ant\u00eddoto para la posverdad\u201d<\/em>, VI Congreso Iberoamericano de Filosof\u00eda, Porto, Portugal, 23\u201327 de enero de 2023.<\/li>\n\n\n\n<li><strong>PONENCIA<\/strong>: <em>\u201cLa revoluci\u00f3n feminista y la recuperaci\u00f3n del principio de lo com\u00fan\u201d<\/em>, Simposio \u00abLos nuevos feminismos y la reinvenci\u00f3n de lo com\u00fan\u00bb, VI Congreso Iberoamericano de Filosof\u00eda, Porto, Portugal, 23\u201327 de enero de 2023.<\/li>\n\n\n\n<li><strong>PONENCIA<\/strong>: <em>\u201cLo com\u00fan como el principio del inicio. Notas en clave feminista\u201d<\/em>, Coloquio \u00abLo com\u00fan y la comunidad pol\u00edtica. Reflexiones desde los feminismos y los posmarxismos\u00bb, Proyecto PAPIIT, FFyL, UNAM, 7 y 8 de diciembre de 2022.<\/li>\n\n\n\n<li><strong>PONENCIA<\/strong>: <em>\u201cConceptos, juicios y pluralidad. Acerca de la constituci\u00f3n del mundo com\u00fan\u201d<\/em>, VII Jornadas Arendt en Goiania, Universidad Federal de Goi\u00e1s, Brasil, 16\u201318 de noviembre de 2022.<\/li>\n\n\n\n<li><strong>PONENCIA<\/strong>: <em>\u201cEl derecho a tener derechos. Reflexiones arendtianas\u201d<\/em>, Primer Encuentro de la Filosof\u00eda del Derecho en la UNAM, 24 de agosto de 2022.<\/li>\n\n\n\n<li><strong>PONENCIA<\/strong>: <em>\u201cEl Posgrado de G\u00e9nero de la UNAM. Historia e importancia\u201d<\/em>, Seminario de G\u00e9nero 2022, CRIM-UNAM, Cuernavaca, 7 de marzo de 2022.<\/li>\n\n\n\n<li><strong>PONENCIA<\/strong>: <em>\u201cLa revoluci\u00f3n feminista y la emergencia de lo com\u00fan\u201d<\/em>, XX Congreso Internacional de Filosof\u00eda de la AFM, 8 de octubre de 2021. <a href=\"https:\/\/fb.watch\/8Bi5V324ZJ\/\">Video<\/a><\/li>\n\n\n\n<li><strong>PRESENTACI\u00d3N DE LIBRO<\/strong>: Congreso Internacional \u00abFilosof\u00eda, Arte y Derecho\u00bb, UNAM, 16\u201320 de agosto de 2021.<\/li>\n\n\n\n<li><strong>COMENTARIO A PONENCIA<\/strong>: <em>\u201cDe la escena primordial a la fraternidad de varones\u2026\u201d<\/em> por M.F. Cruz Aguado, Coloquio de Estudiantes del Posgrado en Filosof\u00eda, 3\u20134 de mayo de 2021.<\/li>\n\n\n\n<li><strong>CONVERSATORIO<\/strong>: <em>\u00abMirada al pasado: las crisis del 2020\u00bb<\/em>, Universidad Aut\u00f3noma de Chihuahua y COMEFI, 18 de diciembre de 2020.<\/li>\n\n\n\n<li><strong>PONENCIA<\/strong>: <em>\u201cUn cosmopolitismo sin universalismo. Hacia una ciudadan\u00eda cosmopolita\u201d<\/em>, Coloquio de Filosof\u00eda Pol\u00edtica UACM\u2013IIFs, UNAM, 14\u201315 de noviembre de 2019.<\/li>\n\n\n\n<li><strong>PONENCIA<\/strong>: <em>\u201cHannah Arendt y el feminismo: una relaci\u00f3n tensa\u201d<\/em>, Coloquio Internacional de Teor\u00eda y Filosof\u00eda Feminista, Universidad Michoacana, 12\u201315 de noviembre de 2019.<\/li>\n\n\n\n<li><strong>PONENCIA<\/strong>: <em>\u201cDerechos humanos y Estado naci\u00f3n. Hacia una sociedad cosmopolita\u201d<\/em>, XVI Simposio de la AIFP, Campeche, 9\u201311 de octubre de 2019.<\/li>\n\n\n\n<li><strong>PONENCIA<\/strong>: <em>\u201cReflexiones acerca de lo com\u00fan desde la perspectiva arendtiana\u201d<\/em>, V Congreso Iberoamericano de Filosof\u00eda, CDMX, 19\u201321 de junio de 2019. <\/li>\n\n\n\n<li><strong>PRESENTACI\u00d3N DE LIBRO<\/strong>: <em>\u201cFilosof\u00eda, pol\u00edtica y platonismo\u201d<\/em>, V Congreso Iberoamericano de Filosof\u00eda, CDMX, 19\u201321 de junio de 2019.<\/li>\n\n\n\n<li><strong>PONENCIA<\/strong>: <em>\u201cDemocracia y juicio pol\u00edtico. Una reivindicaci\u00f3n de la autonom\u00eda del pensar\u201d<\/em>, Curso de verano, Universidad de Castilla-La Mancha, 11\u201312 de junio de 2019.<\/li>\n\n\n\n<li><strong>PONENCIA<\/strong>: <em>\u201cDesigualdad y g\u00e9nero. La lucha feminista\u201d<\/em>, Conversatorio del D\u00eda Mundial de la Filosof\u00eda, UNESCO M\u00e9xico, 16 de noviembre de 2018.<\/li>\n\n\n\n<li><strong>PONENCIA<\/strong>: <em>\u201cLo com\u00fan y el mundo com\u00fan. Una reflexi\u00f3n desde La condici\u00f3n humana\u201d<\/em>, Simposio Hannah Arendt, XIX Congreso Internacional de la AFM, 14 de noviembre de 2018.<\/li>\n\n\n\n<li><strong>PONENCIA<\/strong>: <em>\u201cEl pluralismo filos\u00f3fico, un desaf\u00edo iberoamericano\u201d<\/em>, Simposio Red Iberoamericana de Filosof\u00eda, XIX Congreso de la AFM, 13 de noviembre de 2018.<\/li>\n\n\n\n<li><strong>PONENCIA<\/strong>: <em>\u201cAgencia y lenguaje: acerca del car\u00e1cter constitutivo de los conceptos pol\u00edticos\u201d<\/em>, Coloquio Internacional \u00abPerformativos pol\u00edticos\u00bb, FFyL, UNAM, 7 de mayo de 2018.<\/li>\n\n\n\n<li><strong>PONENCIA<\/strong>: <em>\u201cM\u00e1s all\u00e1 de la ciudadan\u00eda: el derecho a tener derechos\u201d<\/em>, Foro \u00abProblemas contempor\u00e1neos de justicia\u00bb, FFyL, UNAM, 24 de agosto de 2017.<\/li>\n\n\n\n<li><strong>PONENCIA<\/strong>: <em>\u201cLo com\u00fan, lo pol\u00edtico y el juicio\u201d<\/em>, Jornadas \u00abReinvenciones de lo com\u00fan\u00bb, Universidad de Los Andes, Colombia, 1\u20132 de junio de 2017.<\/li>\n\n\n\n<li><strong>PONENCIA<\/strong>: <em>\u201cViolencia y guerra. Reflexiones arendtianas sobre la llamada violencia leg\u00edtima\u201d<\/em>, Coloquio \u00abCiudadan\u00eda, derechos humanos y espacio p\u00fablico\u00bb, XVIII Congreso Internacional de la AFM, 24\u201328 de octubre de 2016.<\/li>\n\n\n\n<li><strong>PONENCIA<\/strong>: <em>\u201cEvaluaci\u00f3n y excelencia: discursos y pr\u00e1cticas\u201d<\/em>, Foro \u00abProblemas y desaf\u00edos del quehacer cient\u00edfico hoy\u00bb, Centro Vlady, UACM, 1 de septiembre de 2016.<\/li>\n\n\n\n<li><strong>PONENCIA<\/strong>: <em>\u201cViolencia y guerra. Reflexiones arendtianas sobre el llamado intervencionismo humanitario\u201d<\/em>, X Encontro Hannah Arendt y VI Col\u00f3quio de Filosofia Pol\u00edtica Contempor\u00e2nea, Universidad Federal de Goi\u00e1s, Brasil, 13\u201317 de junio de 2016.<\/li>\n\n\n\n<li><strong>PONENCIA<\/strong>: <em>\u201cAmor mundi y amistad c\u00edvica. Reflexiones desde una lectura arendtiana\u201d<\/em>, Jornadas Arendtianas, C\u00f3rdoba, Argentina, 25\u201327 de noviembre de 2015.<\/li>\n\n\n\n<li><strong>PONENCIA<\/strong>: <em>\u201cEducaci\u00f3n y ciudadan\u00eda\u201d<\/em>, Encuentro \u00abDi\u00e1logos en Tlaxcala\u00bb, Universidad Aut\u00f3noma de Tlaxcala, 29 de octubre de 2015.<\/li>\n\n\n\n<li><strong>PONENCIA<\/strong>: <em>\u201cEl fin de la violencia\u201d<\/em>, Seminario Internacional sobre Filosof\u00eda y Violencia, Instituto de Investigaciones Filos\u00f3ficas, UNAM, 19\u201320 de agosto de 2015.<\/li>\n\n\n\n<li><strong>PONENCIA<\/strong>: <em>\u201cM\u00e1s ac\u00e1 del escepticismo. Acerca del supuesto fundacionismo wittgensteiniano\u201d<\/em>, III Coloquio UAM sobre Escepticismo, 27\u201328 de mayo de 2015.<\/li>\n\n\n\n<li><strong>PRESENTACI\u00d3N DE LIBRO<\/strong>: <em>Disonancias de la cr\u00edtica<\/em>, coordinadora y moderadora, FFyL, UNAM, 17 de abril de 2015.<\/li>\n\n\n\n<li><strong>PONENCIA<\/strong>: <em>\u201cAmistad c\u00edvica y amor mundi. Una mirada desde Hannah Arendt\u201d<\/em>, Coloquio de Filosof\u00eda Pol\u00edtica \u00abLas formas de la fraternidad\u00bb, IIFs, UNAM y UACM, 11 de marzo de 2015.<\/li>\n\n\n\n<li><strong>PRESENTACI\u00d3N DE LIBRO<\/strong>: <em>De la duda a la decepci\u00f3n. Crisis actual de la educaci\u00f3n en M\u00e9xico<\/em>, Universidad Intercontinental, 8 de mayo de 2014.<\/li>\n\n\n\n<li><strong>PONENCIA<\/strong>: <em>\u201cAcerca del m\u00e9todo\u201d<\/em>, Coloquio \u00abCiencia, investigaci\u00f3n, m\u00e9todo y otras cotidianidades\u00bb, Universidad Intercontinental, 8 de mayo de 2014.<\/li>\n\n\n\n<li><strong>PRESENTACI\u00d3N DE LIBRO<\/strong>: <em>El feminismo es un humanismo<\/em> de Rub\u00ed de Mar\u00eda G\u00f3mez, con el texto \u201cLa genealog\u00eda de un pensamiento feminista\u201d, Universidad Michoacana, 17 de abril de 2014.<\/li>\n\n\n\n<li><strong>PONENCIA<\/strong>: <em>\u201cAcerca de la violencia de g\u00e9nero\u201d<\/em>, 2\u00ba Encuentro de la Red Universitaria con Responsabilidad Social, CDMX, 13 de marzo de 2014.<\/li>\n\n\n\n<li><strong>PONENCIA<\/strong>: <em>\u201cEl juicio pol\u00edtico en sociedades plurales\u201d<\/em>, Coloquio Internacional \u00abEl impacto social de la filosof\u00eda\u00bb, Universidad Iberoamericana, 21\u201323 de agosto de 2013.<\/li>\n\n\n\n<li><strong>PONENCIA<\/strong>: <em>\u201cJuicio pol\u00edtico y ciudadan\u00eda democr\u00e1tica\u201d<\/em>, Seminario Internacional de Filosof\u00eda Pol\u00edtica \u201cEstado y sociedad: una crisis de confianza\u201d, IIFs, UNAM, 24\u201326 de octubre de 2012.<\/li>\n\n\n\n<li><strong>PONENCIA<\/strong>: <em>\u201cAcerca de la violencia\u201d<\/em>, Primeras Jornadas Arendtianas, FFyL, UNAM, 29\u201330 de mayo de 2012.<\/li>\n\n\n\n<li><strong>PONENCIA<\/strong>: <em>\u201cEl naturalismo social wittgensteiniano: un rechazo al reto esc\u00e9ptico\u201d<\/em>, II Coloquio UAM sobre Escepticismo Filos\u00f3fico, 29\u201330 de junio de 2012.<\/li>\n\n\n\n<li><strong>PONENCIA<\/strong>: <em>\u201cV\u00e9rtigos, met\u00e1fora y fetiches: el talante de Carlos Pereda\u201d<\/em>, Coloquio Homenaje a Carlos Pereda F., IIFs, UNAM, 23\u201325 de noviembre de 2011. <\/li>\n\n\n\n<li><strong>PONENCIA<\/strong>: <em>\u201cCiudadan\u00eda y poder pol\u00edtico: los retos del modelo arendtiano de espacio p\u00fablico\u201d<\/em>, V Coloquio Internacional de Filosof\u00eda Pol\u00edtica \u00abConfianza: una agenda abierta de investigaci\u00f3n\u00bb, CDMX, 9\u201311 de noviembre de 2011.<\/li>\n\n\n\n<li><strong>PONENCIA<\/strong>: <em>\u201cEl retorno de lo pol\u00edtico\u201d<\/em>, Coloquio \u00abFilosof\u00eda, literatura y cr\u00edtica de la cultura\u00bb, FFyL-UNAM y Universidad Iberoamericana, 10 de octubre de 2011.<\/li>\n\n\n\n<li><strong>REPLICA<\/strong>: A la ponencia de Adrian Cussins, III Coloquio Colombo-Mexicano de Filosof\u00eda, IIFs, UNAM, 21\u201323 de septiembre de 2011.<\/li>\n\n\n\n<li><strong>PONENCIA<\/strong>: <em>\u201cEl retorno de lo pol\u00edtico. Una mirada arendtiana al concepto de poder\u201d<\/em>, XVI Congreso Internacional de la AFM: \u201cFilosof\u00eda: raz\u00f3n y violencia\u201d, Toluca, 24\u201328 de octubre de 2011.<\/li>\n\n\n\n<li><strong>PONENCIA<\/strong>: <em>\u201cEl retorno de lo pol\u00edtico. Una mirada al republicanismo arendtiano\u201d<\/em>, IV Coloquio Internacional de Filosof\u00eda Pol\u00edtica UACM: \u201cJusticia, pobreza y desigualdad\u201d, 21 de octubre de 2010.<\/li>\n\n\n\n<li><strong>PONENCIA<\/strong>: <em>\u201cSeguir pol\u00edticamente una regla. Una mirada wittgensteiniana al discurso pol\u00edtico\u201d<\/em>, Simposio del C\u00edrculo Wittgensteineano: \u201cEpisteme, contexto y acci\u00f3n\u201d, Maracaibo, Venezuela, 1\u20134 de junio de 2010.<\/li>\n\n\n\n<li><strong>PONENCIA<\/strong>: <em>\u201cLa democracia deliberativa arendtiana como alternativa al declive de la democracia representativa liberal\u201d<\/em>, Simposio del C\u00edrculo Wittgensteineano, Maracaibo, Venezuela, 1\u20134 de junio de 2010.<\/li>\n\n\n\n<li><strong>PONENCIA<\/strong>: <em>\u201cLa pol\u00edtica radical. El espacio p\u00fablico como comunidad pol\u00edtica en Hannah Arendt\u201d<\/em>, XIV Congreso Internacional de Filosof\u00eda, AFM, Mazatl\u00e1n, noviembre de 2007.<\/li>\n\n\n\n<li><strong>PRESENTACI\u00d3N DE LIBRO<\/strong>: <em>Filosof\u00eda del Derecho<\/em>, con el texto \u201cDerecho y filosof\u00eda\u201d, Universidad Intercontinental, 15 de octubre de 2008.<\/li>\n\n\n\n<li><strong>PONENCIA<\/strong>: <em>\u201cEl concepto de persona. Una relectura de P.F. Strawson\u201d<\/em>, VI Coloquio de Epistemolog\u00eda \u201cIdentidad y memoria\u201d, UNAM-M\u00e9rida, 6\u20138 de septiembre de 2006.<\/li>\n\n\n\n<li><strong>PONENCIA<\/strong>: <em>\u201cUn acercamiento al juicio pol\u00edtico desde la concepci\u00f3n arendtiana de la amistad c\u00edvica\u201d<\/em>, XIII Congreso Nacional de Filosof\u00eda \u201cEl saber filos\u00f3fico\u201d, Universidad Michoacana, Morelia, 14\u201318 de noviembre de 2005.<\/li>\n\n\n\n<li><strong>PRESENTACI\u00d3N DE LIBRO<\/strong>: <em>Del poder pol\u00edtico al amor al mundo<\/em> de Dora Elvira Garc\u00eda, ITESM, Campus CDMX, 26 de octubre de 2005.<\/li>\n\n\n\n<li><strong>PONENCIA<\/strong>: <em>\u201cNarrar historias, pensar con los otros\u201d<\/em>, Coloquio Internacional \u201cLas relaciones peligrosas: literatura y filosof\u00eda\u201d, FFyL, UNAM, 3\u20137 de octubre de 2005.<\/li>\n\n\n\n<li><strong>PONENCIA<\/strong>: <em>\u201cLenguaje y cultura. Algunas reflexiones sobre la posibilidad del di\u00e1logo intercultural\u201d<\/em>, V Encuentro Cuba-M\u00e9xico de Filosof\u00eda, Instituto Superior de Arte, La Habana, 5\u20136 de julio de 2005.<\/li>\n\n\n\n<li><strong>PONENCIA<\/strong>: <em>\u201cEpistemolog\u00eda y ciencia. Una reconstrucci\u00f3n cr\u00edtica de una mitolog\u00eda\u201d<\/em>, I Congreso Regional de Ense\u00f1anza y Divulgaci\u00f3n de la Ciencia y la T\u00e9cnica, BUAP, 23\u201325 de junio de 2005.<\/li>\n\n\n\n<li><strong>CONFERENCIA MAGISTRAL<\/strong>: <em>\u201cLa concepci\u00f3n \u00e9tica de Wittgenstein\u201d<\/em>, ITESM, Campus CDMX, 26 de marzo de 2004.<\/li>\n\n\n\n<li><strong>PONENCIA<\/strong>: <em>\u201cDel cambio conceptual al cambio pol\u00edtico. Una mirada wittgensteiniana\u201d<\/em>, VII Coloquio Internacional Bariloche de Filosof\u00eda 2004, R\u00edo Negro, Argentina, 22\u201324 de septiembre de 2004.<\/li>\n\n\n\n<li><strong>PONENCIA<\/strong>: <em>\u201c\u00bfEs posible hablar de lo mismo? Una posible respuesta desde la confluencia del pensar gadameriano y wittgensteiniano\u201d<\/em>, Congreso Internacional de Hermen\u00e9utica, Universidad de Granada, Espa\u00f1a, 7\u201312 de noviembre de 2003.<\/li>\n\n\n\n<li><strong>PONENCIA<\/strong>: <em>\u201cLenguaje y cultura: acerca de las condiciones sem\u00e1nticas del di\u00e1logo intercultural\u201d<\/em>, XII Congreso Nacional de Filosof\u00eda, Guadalajara, 26\u201329 de noviembre de 2003.<\/li>\n\n\n\n<li><strong>PONENCIA<\/strong>: <em>\u201cLa identidad desde el espacio p\u00fablico y la pluralidad. Un acercamiento a la propuesta arendtiana de ciudadano\u201d<\/em>, Congreso Internacional de Filosof\u00eda de la Cultura, Universidad Michoacana, 27\u201331 de agosto de 2002.<\/li>\n\n\n\n<li><strong>PONENCIA<\/strong>: <em>\u201cRacionalidad y lenguaje. Un acercamiento al tema del multiculturalismo\u201d<\/em>, I Encuentro Internacional sobre Filosof\u00eda de la Cultura y Multiculturalismo, Instituto de Cultura de Campeche, 10\u201314 de diciembre de 2001.<\/li>\n\n\n\n<li><strong>REPLICA<\/strong>: Coloquio Realismo, IIFs, UNAM, 28\u201330 de noviembre de 2001.<\/li>\n\n\n\n<li><strong>PONENCIA<\/strong>: <em>\u201cRepensando la met\u00e1fora del espacio p\u00fablico\u201d<\/em>, XI Congreso Nacional de Filosof\u00eda, FFyL, UNAM, 16\u201320 de agosto de 2001.<\/li>\n\n\n\n<li><strong>PONENCIA<\/strong>: <em>\u201cLa visi\u00f3n wittgensteiniana del lenguaje: notas para una interpretaci\u00f3n\u201d<\/em>, Coloquio \u201cWittgenstein: vida y lenguaje\u201d, UNAM-Acatl\u00e1n, 27\u201329 de junio de 2001.<\/li>\n\n\n\n<li><strong>PONENCIA<\/strong>: <em>\u201cEl lenguaje, un espacio para el encuentro intercultural\u201d<\/em>, III Coloquio Jos\u00e9 Mar\u00eda Arguedas de Antropolog\u00eda y Literatura, ENAH, Universidad Intercontinental y UNAM, 5\u20138 de marzo de 2001.<\/li>\n\n\n\n<li><strong>PONENCIA<\/strong>: <em>\u201cDe la necesaria vinculaci\u00f3n entre espacio p\u00fablico y \u00e1mbito privado\u201d<\/em>, II Coloquio Internacional de Posgrados, Universidad Intercontinental, 6 de octubre de 2000.<\/li>\n\n\n\n<li><strong>PONENCIA<\/strong>: <em>\u201cPalabra y acci\u00f3n: acerca de la posibilidad de dar razones\u201d<\/em>, I Congreso Iberoamericano de Filosof\u00eda de la Ciencia y la Tecnolog\u00eda, Morelia, 25\u201329 de septiembre de 2000.<\/li>\n\n\n\n<li><strong>PONENCIA<\/strong>: <em>\u201cEducaci\u00f3n e investigaci\u00f3n: confluencia imprescindible\u201d<\/em>, V Foro de Investigaci\u00f3n, Universidad Intercontinental, 17 de noviembre de 1999.<\/li>\n\n\n\n<li><strong>PONENCIA<\/strong>: <em>\u201cDifundir filosof\u00eda, difundir cultura\u201d<\/em>, V Foro de Investigaci\u00f3n, Universidad Intercontinental, 17 de noviembre de 1999.<\/li>\n\n\n\n<li><strong>PONENCIA<\/strong>: <em>\u201cEl desaf\u00edo del multiculturalismo\u201d<\/em>, XIV Congreso Interamericano de Filosof\u00eda y X Congreso Nacional de Filosof\u00eda, BUAP, Puebla, 16\u201320 de agosto de 1999.<\/li>\n\n\n\n<li><strong>PONENCIA<\/strong>: <em>\u201cDel l\u00edmite de mi mundo a los mundos posibles\u201d<\/em>, XVI Semana de Filosof\u00eda, Universidad Intercontinental, 26\u201330 de octubre de 1998.<\/li>\n\n\n\n<li><strong>PONENCIA<\/strong>: <em>\u201cEl concepto de liberalismo social en el discurso pol\u00edtico de Jes\u00fas Reyes Heroles\u201d<\/em>, Coloquio \u201cVigencia y perspectivas del liberalismo\u201d, UAM-Iztapalapa, 22\u201324 de junio de 1998.<\/li>\n\n\n\n<li><strong>PONENCIA<\/strong>: <em>\u201cReyes Heroles: el intelectual y el pol\u00edtico\u201d<\/em>, Coloquio Internacional \u201cDemocracia, cultura y desarrollo hacia el siglo XXI\u201d, 21\u201323 de mayo de 1996.<\/li>\n\n\n\n<li><strong>PONENCIA<\/strong>: <em>\u201cNeoliberalismo, la pol\u00edtica del desencanto\u201d<\/em>, IV Congreso Nacional de Filosof\u00eda: \u201c\u00c9tica y pol\u00edtica\u201d, Universidad del Valle de Atemajac, Guadalajara, 22\u201326 de julio de 1996.<\/li>\n\n\n\n<li><strong>PONENCIA<\/strong>: <em>\u201cEl papel del ciudadano en el neoliberalismo\u201d<\/em>, Simposium Nacional \u201cHombre y naturaleza, un destino com\u00fan\u201d, UAEMex, 21\u201323 de octubre de 1996.<\/li>\n\n\n\n<li><strong>PONENCIA<\/strong>: <em>\u201cEl giro ling\u00fc\u00edstico: alternativas a la teor\u00eda cl\u00e1sica del conocimiento\u201d<\/em>, Ciclo \u201cReflexiones sobre el filosofar\u201d, 22 de febrero de 1996.<\/li>\n\n\n\n<li><strong>PONENCIA<\/strong>: <em>\u201cFilosofar e historia de la filosof\u00eda\u201d<\/em>, VIII Congreso Nacional de Filosof\u00eda, Aguascalientes, 10 de noviembre de 1995.<\/li>\n<\/ol>\n\n\n\n<p><\/p>\n","protected":false},"excerpt":{"rendered":"","protected":false},"author":6,"featured_media":0,"parent":0,"menu_order":0,"comment_status":"closed","ping_status":"closed","template":"","meta":[],"_links":{"self":[{"href":"https:\/\/maytemunoz.net\/index.php?rest_route=\/wp\/v2\/pages\/3995"}],"collection":[{"href":"https:\/\/maytemunoz.net\/index.php?rest_route=\/wp\/v2\/pages"}],"about":[{"href":"https:\/\/maytemunoz.net\/index.php?rest_route=\/wp\/v2\/types\/page"}],"author":[{"embeddable":true,"href":"https:\/\/maytemunoz.net\/index.php?rest_route=\/wp\/v2\/users\/6"}],"replies":[{"embeddable":true,"href":"https:\/\/maytemunoz.net\/index.php?rest_route=%2Fwp%2Fv2%2Fcomments&post=3995"}],"version-history":[{"count":3,"href":"https:\/\/maytemunoz.net\/index.php?rest_route=\/wp\/v2\/pages\/3995\/revisions"}],"predecessor-version":[{"id":4104,"href":"https:\/\/maytemunoz.net\/index.php?rest_route=\/wp\/v2\/pages\/3995\/revisions\/4104"}],"wp:attachment":[{"href":"https:\/\/maytemunoz.net\/index.php?rest_route=%2Fwp%2Fv2%2Fmedia&parent=3995"}],"curies":[{"name":"wp","href":"https:\/\/api.w.org\/{rel}","templated":true}]}}